 is divided by x(i)?
5
Suppose 4 + 5 = 2*m - s, -5*s - 15 = 5*m. Suppose c + m*j + j = 0, 4*c = -3*j + 18. Let i = c + 1. Calculate the remainder when i is divided by 3.
1
Let d = 1 + 1. Let x = 124 - 89. What is the remainder when x is divided by 3*4*2/d?
11
Let y = -26 + 76. Let v(n) = n**2 + 9*n + 13. What is the remainder when y is divided by v(-9)?
11
Suppose 5*v - 15 = 2*v. Calculate the remainder when 13/2*1*2 is divided by v.
3
Let a = -22 + 65. What is the remainder when a is divided by 15?
13
Let o be 3/(-1) + (-1)/(-1). Let g be 2/(o + 72/34). Suppose 0 = -u + 4*f + g - 0, -54 = -2*u - 2*f. What is the remainder when u is divided by 13?
12
Suppose -k - 2*k + 102 = 0. Let m be (3 - (-9)/(-3))/1. Suppose s + 2*u - 7*u + 8 = m, -3*s + 3*u + 24 = 0. What is the remainder when k is divided by s?
10
What is the remainder when (24/6 - 5)*-27 is divided by 12?
3
Let q(r) = 2*r**3 - 1. Calculate the remainder when 3 is divided by q(1).
0
Let i(q) = -q**2 - 23*q - 40. What is the remainder when i(-12) is divided by 31?
30
Suppose -87 = -7*w + 4. What is the remainder when 64 is divided by w?
12
Let m be (4/2)/2 - 3. Let h = -4 - m. Let f = 6 + h. What is the remainder when 11 is divided by f?
3
Suppose 0*u = -u + 55. Calculate the remainder when u is divided by 19.
17
Suppose -32 = 4*k + 8. Suppose -2 + 102 = 5*u. What is the remainder when u is divided by (-55)/k*(-2)/(-1)?
9
Suppose 4*f = -f + 5*l, 3*f = 2*l - 5. Let z be f/(10/(-4)) + 1. Suppose 0*c - 23 = -h + z*c, 0 = -3*c - 9. Calculate the remainder when 40 is divided by h.
12
Let z = 47 - 38. Let v(q) = 3*q**2 - 3*q - 1. Calculate the remainder when v(4) is divided by z.
8
Let o = 25 - -17. Let s = -28 + o. Suppose 2*r - s = -t, t + 0 = 2*r - 6. Calculate the remainder when r is divided by 2.
1
Let o be 40/3*9/6. Calculate the remainder when 3 is divided by o/(-10) + 1*4.
1
Suppose -3*r + 2*r = -4. Suppose h = r*h - 18. What is the remainder when -2 + 20 - 4/2 is divided by h?
4
Let m be 3/(-3)*7/1. Let v(s) = s**3 + 9*s**2 + 3*s + 9. Calculate the remainder when v(m) is divided by 22.
20
Let t = 9 - 6. Suppose 4*o + 3*y = t*o + 15, 5*y = -2*o + 30. Calculate the remainder when 43 is divided by o.
13
Let z(l) = l**2 + 3*l. Let p(r) = r**2 + 9*r - 4. Let m be p(-9). Suppose -2*t = 2*t - 40. Calculate the remainder when t is divided by z(m).
2
Suppose -11 = -p + 12. Calculate the remainder when p is divided by 9.
5
Let j = -5 - -7. Suppose x - j*m - 23 = 0, -m + 18 = -3*x + 67. What is the remainder when 43 is divided by x?
13
Calculate the remainder when 72 is divided by ((-6)/(-12))/(3/150).
22
Suppose 8 + 1 = -3*c. Let o = 12 + c. Calculate the remainder when o is divided by 5.
4
Let n = -7 + 10. Let m = 96 - 93. Suppose 7 = n*t - 5*q, 2*t - 2*q + 2 = m*q. Calculate the remainder when t is divided by 3.
0
Suppose 3*j - 38 = -8. Suppose j = 3*i - 11. Suppose 39 = 3*r - 3*v, -r + 55 = 4*r + 5*v. What is the remainder when r is divided by i?
5
Let r(m) = m**3 - 8*m**2 + m - 5. Let p be r(8). Suppose p*y = -15, 2*s = -y + 4 + 23. Let i = 44 - 13. What is the remainder when i is divided by s?
15
Suppose -4*g + 24 = -3*g. What is the remainder when 69 is divided by g?
21
Calculate the remainder when 153 is divided by (-18)/9 - (-2 + 0) - -31.
29
Let m = -3 - -6. Suppose -m*d = -4*h + 55, 5*d - 2*d + 5 = -h. Suppose 3*t + 17 = 104. Calculate the remainder when t is divided by h.
9
Let k be (-2)/7 - (-6)/21. Suppose 4*y + 0*y - 24 = k. Let t = 5 + y. What is the remainder when 20 is divided by t?
9
Let n(v) = -v**3 + 8*v**2 + 5. Let j(c) = 2*c**2 - c - 2. Let q be j(-2). Let g be n(q). Suppose -g + 1 = -4*d. What is the remainder when 2 is divided by d?
0
Let c = 52 + -51. Let p(w) = w**3 - 5*w**2 + 5*w - 3. What is the remainder when c is divided by p(4)?
0
Suppose -3*o = -r - 2*o + 44, -2*o - 128 = -3*r. What is the remainder when r is divided by 7?
5
Suppose -f - 5*u = -57, 3*f - 2*f + u - 37 = 0. What is the remainder when f is divided by 605/35 + (-2)/7?
15
Suppose -12*p + 16 = -14*p. Calculate the remainder when 2*6/p*-28 is divided by 11.
9
Let f be 0/2*-1 + 0. Suppose -3*o + 21 = -f. What is the remainder when o is divided by ((-3)/2)/(2/(-4))?
1
Let h = -11 - -7. Let o be (-4)/h*(-2 + 3). Suppose t = 3*c - o, 2*c + 15 = -3*c + 5*t. What is the remainder when 2 is divided by c?
0
Suppose 3*g + 5*l = 77, 3*g + 3*l = -2*g + 139. Calculate the remainder when g is divided by 8.
5
Let n be 3*(2 + (-5)/3). Let t = 6 - n. Calculate the remainder when 8 is divided by t.
3
Let i = -73 + 106. Suppose -2*l + 40 = -3*c, -11 = -2*l - 3*c + 17. Calculate the remainder when i is divided by l.
16
Suppose -2*t + 92 = 2*t. Let z be (2/(-1))/2*1. Let u(m) = -11*m**3 - m. Calculate the remainder when t is divided by u(z).
11
Let m be 0 - -2 - (0 - 1). Suppose 0 = -2*j - a + 14, -8*j + m*j = 5*a - 35. What is the remainder when j is divided by 9 + 25/(-7) + (-9)/21?
2
Suppose 2*y + 2*y + 93 = 3*h, 0 = 4*h + 3*y - 149. Suppose 43 = 3*s - h. What is the remainder when s is divided by 9?
8
Suppose 15 = 8*n - 3*n. Suppose n*a = 8*a - 125. Calculate the remainder when a is divided by 9.
7
Let t be 2/(-8) + (-411)/(-12). Let z = -18 + t. Calculate the remainder when 30 is divided by z.
14
Suppose 3 + 72 = 3*w. Calculate the remainder when w is divided by 14.
11
Suppose -n + 5*n - i + 109 = 0, n + i = -21. Let k = 11 - n. Let c = 0 - -19. What is the remainder when k is divided by c?
18
Let w be (-1)/6 - (-13)/6. Let f(u) = -u**w - 2 + 4 + 3*u - 14*u. What is the remainder when f(-6) is divided by 11?
10
Let y(k) = -3*k - 7. Let s(x) = -2*x - 3. Let u(q) = 5*s(q) - 2*y(q). Suppose j - 155 = -4*j. Calculate the remainder when j is divided by u(-3).
9
Let b = -127 + 141. Calculate the remainder when b is divided by (-2)/9 - (-38)/9.
2
Let l(n) = 2*n**2 + 5*n + 7. Calculate the remainder when l(4) is divided by 9.
5
Let h(v) = v**3 - 3*v**2 + 4*v - 2. Let g = 12 + -12. Suppose -2*u + 17 - 5 = g. Calculate the remainder when h(3) is divided by u.
4
Suppose 0 = -0*m - 3*m + 57. Let r be (-2)/(-2*(-2 + 1)). Calculate the remainder when m is divided by (0 - -1) + r + 7.
5
Suppose 23 = y - 20. Calculate the remainder when y is divided by 23.
20
Let j = -16 + 32. Suppose -2*c + 14 = -j. What is the remainder when 42 is divided by c?
12
Let a = 8 + 1. Let y(c) = c**3 - 8*c**2 - 8*c + 6. What is the remainder when 44 is divided by y(a)?
14
Let n = -51 - -56. What is the remainder when (17/((-2)/2))/(-1) is divided by n?
2
Let u be (-6)/(2/40*-3). Let t = u - 20. Suppose 3*c - 44 = -c. Calculate the remainder when t is divided by c.
9
Suppose 4*j = j + 30. What is the remainder when j is divided by 6?
4
Suppose -2*k = -k. Suppose k = -2*u + 4*u - 10, 4*u + 160 = 5*i. Suppose 0*a = -4*a + i. Calculate the remainder when a is divided by 5.
4
Suppose -5*u = 0, 5*u = q + q - 24. Let r(i) = i**3 - 3*i + 46. Calculate the remainder when r(0) is divided by q.
10
Let j = -14 - -47. Calculate the remainder when j is divided by 6.
3
Let u(j) = j + 21. Suppose -o = -2*o. What is the remainder when u(o) is divided by 11?
10
Let c = -127 - -147. What is the remainder when 34 is divided by c?
14
Suppose 0 = -5*u + 6*u + 43. Let s = -22 - u. Calculate the remainder when s is divided by 12.
9
Suppose 0 = g - 6*g - 20. What is the remainder when (0 - 3/g)*4 is divided by 2?
1
Suppose 0 = -3*f + 3*m + 90, -1 - 1 = 2*m. What is the remainder when f is divided by 4?
1
Suppose 0*i + 4*i = 0. Suppose 2*k - 5*k + 3 = i. Calculate the remainder when 2 is divided by k.
0
Suppose -5*x = -41 - 44. Suppose -4*p + 183 = -p + 3*b, 3*p - 178 = -4*b. Calculate the remainder when p is divided by x.
15
Let j = -37 - -116. What is the remainder when j is divided by 21?
16
Let p = -3 + 7. Let i(u) = 4 + 5*u - 8 + 1. What is the remainder when 32 is divided by i(p)?
15
Suppose -h + 6 = 4*n - 2*n, -2*h - n = -18. Let w(b) = 2*b**3 - b**2 - 12*b + 10. What is the remainder when w(3) is divided by h?
9
Let p = -43 - -126. Suppose -1 = 2*b - p. Let g(x) = x**3 - 5*x + 2. Calculate the remainder when b is divided by g(3).
13
Suppose 0 = -3*n + 103 + 170. Let u(k) = 2*k**2 - 5*k - 2. Calculate the remainder when n is divided by u(5).
22
Let v = -2 - -19. Let u